{"id":38,"date":"2013-12-21T01:02:57","date_gmt":"2013-12-21T00:02:57","guid":{"rendered":"https:\/\/pes-cotedor.fr\/arc-sur-tille\/?page_id=38"},"modified":"2022-12-03T19:22:43","modified_gmt":"2022-12-03T18:22:43","slug":"osteopathie","status":"publish","type":"page","link":"https:\/\/pes-cotedor.fr\/arc-sur-tille\/osteopathie\/","title":{"rendered":"Ost\u00e9opathie"},"content":{"rendered":"<div class=\"fusion-fullwidth fullwidth-box fusion-builder-row-1 nonhundred-percent-fullwidth non-hundred-percent-height-scrolling\" style=\"--awb-border-radius-top-left:0px;--awb-border-radius-top-right:0px;--awb-border-radius-bottom-right:0px;--awb-border-radius-bottom-left:0px;\" ><div class=\"fusion-builder-row fusion-row\"><div class=\"fusion-layout-column fusion_builder_column fusion-builder-column-0 fusion_builder_column_1_1 1_1 fusion-one-full fusion-column-first fusion-column-last\" style=\"--awb-bg-size:cover;--awb-margin-top:0px;--awb-margin-bottom:0px;\"><div class=\"fusion-column-wrapper fusion-flex-column-wrapper-legacy\"><div class=\"fusion-title title fusion-title-1 fusion-title-center fusion-title-text fusion-title-size-one\"><div class=\"title-sep-container title-sep-container-left\"><div class=\"title-sep sep-double sep-solid\" style=\"border-color:#e0dede;\"><\/div><\/div><span class=\"awb-title-spacer\"><\/span><h1 class=\"title-heading-center fusion-responsive-typography-calculated\" style=\"margin:0;--fontSize:34;line-height:1.41;\">D\u00e9finition de l&rsquo;ost\u00e9opathie<\/h1><span class=\"awb-title-spacer\"><\/span><div class=\"title-sep-container title-sep-container-right\"><div class=\"title-sep sep-double sep-solid\" style=\"border-color:#e0dede;\"><\/div><\/div><\/div><div class=\"fusion-text fusion-text-1\"><p style=\"text-align: justify;\">L\u2019ost\u00e9opathie a \u00e9t\u00e9 cr\u00e9e en 1874 par Andrew Taylor Still, un m\u00e9decin am\u00e9ricain. C\u2019est une th\u00e9rapie manuelle qui s\u2019int\u00e9resse \u00e0 rechercher des d\u00e9s\u00e9quilibres et des restrictions de mobilit\u00e9 pouvant entra\u00eener des troubles fonctionnels.<\/p>\n<p style=\"text-align: justify;\"><img decoding=\"async\" class=\"aligncenter size-full wp-image-256\" src=\"https:\/\/pes-cotedor.fr\/arc-sur-tille\/wp-content\/uploads\/sites\/2\/2013\/12\/Still.jpg\" alt=\"\" width=\"241\" height=\"209\" srcset=\"https:\/\/pes-cotedor.fr\/arc-sur-tille\/wp-content\/uploads\/sites\/2\/2013\/12\/Still-200x173.jpg 200w, https:\/\/pes-cotedor.fr\/arc-sur-tille\/wp-content\/uploads\/sites\/2\/2013\/12\/Still.jpg 241w\" sizes=\"(max-width: 241px) 100vw, 241px\" \/><\/p>\n<p style=\"font-weight: 400; text-align: justify;\">Elle repose sur les 5 principes\u00a0de Still :<\/p>\n<ul style=\"font-weight: 400; text-align: justify;\">\n<li><strong>La globalit\u00e9<\/strong>\u00a0: le corps doit \u00eatre consid\u00e9r\u00e9 dans son ensemble et non comme une douleur \/un trouble isol\u00e9(e).<\/li>\n<li><strong>L\u2019autor\u00e9gulation<\/strong>\u00a0: le corps poss\u00e8de ses propres capacit\u00e9s d\u2019autor\u00e9gulations et d\u2019auto-gu\u00e9rison (sauf en cas de traumatisme corporel ou \u00e9motionnel trop important) pour se maintenir en bonne sant\u00e9.<\/li>\n<li><strong>L\u2019interrelation entre la structure et la fonction\u00a0:<\/strong>\u00a0lorsqu\u2019une structure commence \u00e0 perdre un peu de mobilit\u00e9, la fonction de ce m\u00eame organe peut \u00eatre perturb\u00e9e et donc cr\u00e9er des troubles fonctionnels (exemple de la colopathie fonctionnelle).<\/li>\n<li><strong>La supr\u00e9matie de l\u2019art\u00e8re\u00a0:\u00a0<\/strong>une bonne circulation de l\u2019ensemble des fluides du corps (sang, influx nerveux, lymphe, \u2026) est n\u00e9cessaire au maintien d\u2019une bonne sant\u00e9.<\/li>\n<li>\u00a0\u00ab\u00a0<strong>La vie c\u2019est le mouvement\u00a0\u00bb\u00a0:<\/strong>\u00a0pour maintenir l\u2019hom\u00e9ostasie (\u00e9tat d\u2019\u00e9quilibre), l\u2019ensemble des structures du corps doivent pouvoir se mobiliser sans aucune contrainte.<\/li>\n<\/ul>\n<h2 style=\"font-weight: 400; text-align: justify;\"><strong>Quand\u00a0consulter un ost\u00e9opathe :<\/strong><\/h2>\n<p style=\"font-weight: 400; text-align: justify;\">Une personne peut \u00eatre amen\u00e9e \u00e0 consulter un ost\u00e9opathe dans un but curatif (blocage) ou\u00a0 pr\u00e9ventif (bilan), pour des douleurs aigu\u00ebs (telles que le lumbago ou le torticolis) ou chroniques (telles que les migraines ou les sinusites).<\/p>\n<h2 style=\"font-weight: 400; text-align: justify;\"><strong>Pour qui :<\/strong><\/h2>\n<p style=\"font-weight: 400; text-align: justify;\">L\u2019ost\u00e9opathie est une th\u00e9rapeutique accessible \u00e0 tous.\u00a0<em>Cf. partie \u00ab\u00a0comp\u00e9tences\u00a0\u00bb\u00a0<\/em><\/p>\n<h2 style=\"font-weight: 400; text-align: justify;\"><strong>Pourquoi consulter un ost\u00e9opathe\/champs d\u2019action de l\u2019ost\u00e9opathe :<\/strong><\/h2>\n<ul style=\"font-weight: 400; text-align: justify;\">\n<li><strong>Syst\u00e8me ost\u00e9o-articulaire\u00a0 et musculaire\u00a0:<\/strong>\u00a0lombalgie (lumbago, sciatalgies, \u2026), dorsalgie, cervicalgie (torticolis, s\u00e9quelle de coup du lapin, \u2026), entorses, tendinites, arthrose, pathologies rhumatologiques, \u2026<\/li>\n<li><strong>Syst\u00e8me nerveux et vasculaire\u00a0:\u00a0<\/strong>troubles du sommeil, stress, fatigue, probl\u00e8me de retour veineux, jambes lourdes, varices, h\u00e9morro\u00efdes, n\u00e9vralgies (sciatique, cruralgie, intercostale, n\u00e9vralgie d\u2019Arnold, \u2026), \u2026<\/li>\n<li><strong>Syst\u00e8me digestif\u00a0:<\/strong>\u00a0troubles de la digestion et du transit (constipation, diarrh\u00e9e, ballonnement, RGO, \u2026), troubles de l\u2019absorption (difficult\u00e9s \u00e0 dig\u00e9rer certains aliments, carences en vitamines, \u2026)<\/li>\n<li><strong>Syst\u00e8me urinaire et gyn\u00e9cologique\u00a0:\u00a0<\/strong>troubles urinaires (incontinence urinaire, infections \u00e0 r\u00e9p\u00e9tition, \u2026), troubles du cycle (r\u00e8gles douloureuses, dysm\u00e9norrh\u00e9e, am\u00e9norrh\u00e9e, troubles de fertilit\u00e9 d\u2019origine m\u00e9canique, \u2026), troubles de l\u2019\u00e9rection ou de la miction chez l\u2019homme d\u2019origine m\u00e9canique, \u2026<\/li>\n<li><strong>Syst\u00e8me ORL\u00a0:<\/strong>\u00a0sinusites ou rhinites chroniques, asthme, allergies, bronchites chroniques, acouph\u00e8nes, troubles dentaires,\u00a0\u2026<\/li>\n<li><strong>S\u00e9quelles de traumatismes\u00a0:<\/strong>\u00a0accident de la voie publique, chutes sur la t\u00eate, le dos ou les fesses, entorses, fractures, suite d\u2019accouchement (pour la m\u00e8re et pour l\u2019enfant), suite de chirurgie (travail des cicatrices), \u2026<\/li>\n<\/ul>\n<h2 style=\"font-weight: 400; text-align: justify;\"><strong>Les limites de l\u2019ost\u00e9opathie :<\/strong><\/h2>\n<p style=\"font-weight: 400; text-align: justify;\">L\u2019ost\u00e9opathie ne pr\u00e9tend pas tout soigner. Elle ne propose pas de gu\u00e9rir\u00a0:<\/p>\n<ul style=\"text-align: justify;\">\n<li>Les maladies inflammatoires (polyarthrite rhumato\u00efde, spondylarthrite ankylosante, \u2026)<\/li>\n<li>Les maladies d\u00e9g\u00e9n\u00e9ratives (cancers, SIDA, scl\u00e9rose en plaques, maladie de Parkinson, \u2026)<\/li>\n<li>Les maladies g\u00e9n\u00e9tiques (mucoviscidose, myopathie d\u00e9g\u00e9n\u00e9rative, \u2026)<\/li>\n<li>Les maladies infectieuses (grippe, gastro-ent\u00e9rite, COVID, \u2026)<\/li>\n<li>Les pathologies n\u00e9cessitant une intervention chirurgicale ou les fractures<\/li>\n<li>Les patients atteints de handicap(s).<\/li>\n<\/ul>\n<p style=\"font-weight: 400; text-align: justify;\">Cependant, le th\u00e9rapeute peut avoir un <strong>r\u00f4le d\u2019accompagnement et de soulagement<\/strong> de certaines cons\u00e9quences de ces pathologies, par exemple, la douleur due \u00e0 des tensions environnantes (mais, hors de p\u00e9riode de traitement en cours de cancer ou de crise inflammatoire).<\/p>\n<p style=\"font-weight: 400; text-align: justify;\"><strong><u>N.B.<\/u><\/strong>\u00a0: dans ce genre de situation, si vous avez un doute, n\u2019h\u00e9sitez pas \u00e0 <strong>appeler avant de prendre rendez-vous par internet. <\/strong><\/p>\n<\/div><div class=\"fusion-clearfix\"><\/div><\/div><\/div><\/div><\/div>\n","protected":false},"excerpt":{"rendered":"","protected":false},"author":1,"featured_media":0,"parent":0,"menu_order":0,"comment_status":"open","ping_status":"open","template":"","meta":[],"yoast_head":"<!-- This site is optimized with the Yoast SEO plugin v19.13 - https:\/\/yoast.com\/wordpress\/plugins\/seo\/ -->\n<title>Ost\u00e9opathie - P\u00f4le Equilibre&amp;Sant\u00e9 de C\u00f4te d&#039;Or<\/title>\n<meta name=\"description\" content=\"L&#039;ost\u00e9opathie est une th\u00e9rapie manuelle qui s\u2019int\u00e9resse \u00e0 rechercher des d\u00e9s\u00e9quilibres et des restrictions de mobilit\u00e9 pouvant entra\u00eener des troubles fonctionnels.\" \/>\n<meta name=\"robots\" content=\"index, follow, max-snippet:-1, max-image-preview:large, max-video-preview:-1\" \/>\n<link rel=\"canonical\" href=\"https:\/\/pes-cotedor.fr\/arc-sur-tille\/osteopathie\/\" \/>\n<meta property=\"og:locale\" content=\"fr_FR\" \/>\n<meta property=\"og:type\" content=\"article\" \/>\n<meta property=\"og:title\" content=\"Ost\u00e9opathie - P\u00f4le Equilibre&amp;Sant\u00e9 de C\u00f4te d&#039;Or\" \/>\n<meta property=\"og:description\" content=\"L&#039;ost\u00e9opathie est une th\u00e9rapie manuelle qui s\u2019int\u00e9resse \u00e0 rechercher des d\u00e9s\u00e9quilibres et des restrictions de mobilit\u00e9 pouvant entra\u00eener des troubles fonctionnels.\" \/>\n<meta property=\"og:url\" content=\"https:\/\/pes-cotedor.fr\/arc-sur-tille\/osteopathie\/\" \/>\n<meta property=\"og:site_name\" content=\"P\u00f4le Equilibre&amp;Sant\u00e9 d&#039;Arc-sur-Tille\" \/>\n<meta property=\"article:modified_time\" content=\"2022-12-03T18:22:43+00:00\" \/>\n<meta property=\"og:image\" content=\"https:\/\/pes-cotedor.fr\/arc-sur-tille\/wp-content\/uploads\/sites\/2\/2013\/12\/Still.jpg\" \/>\n<meta name=\"twitter:card\" content=\"summary_large_image\" \/>\n<meta name=\"twitter:label1\" content=\"Dur\u00e9e de lecture estim\u00e9e\" \/>\n\t<meta name=\"twitter:data1\" content=\"3 minutes\" \/>\n<script type=\"application\/ld+json\" class=\"yoast-schema-graph\">{\"@context\":\"https:\/\/schema.org\",\"@graph\":[{\"@type\":\"WebPage\",\"@id\":\"https:\/\/pes-cotedor.fr\/arc-sur-tille\/osteopathie\/\",\"url\":\"https:\/\/pes-cotedor.fr\/arc-sur-tille\/osteopathie\/\",\"name\":\"Ost\u00e9opathie - P\u00f4le Equilibre&Sant\u00e9 de C\u00f4te d'Or\",\"isPartOf\":{\"@id\":\"https:\/\/pes-cotedor.fr\/arc-sur-tille\/#website\"},\"datePublished\":\"2013-12-21T00:02:57+00:00\",\"dateModified\":\"2022-12-03T18:22:43+00:00\",\"description\":\"L'ost\u00e9opathie est une th\u00e9rapie manuelle qui s\u2019int\u00e9resse \u00e0 rechercher des d\u00e9s\u00e9quilibres et des restrictions de mobilit\u00e9 pouvant entra\u00eener des troubles fonctionnels.\",\"breadcrumb\":{\"@id\":\"https:\/\/pes-cotedor.fr\/arc-sur-tille\/osteopathie\/#breadcrumb\"},\"inLanguage\":\"fr-FR\",\"potentialAction\":[{\"@type\":\"ReadAction\",\"target\":[\"https:\/\/pes-cotedor.fr\/arc-sur-tille\/osteopathie\/\"]}]},{\"@type\":\"BreadcrumbList\",\"@id\":\"https:\/\/pes-cotedor.fr\/arc-sur-tille\/osteopathie\/#breadcrumb\",\"itemListElement\":[{\"@type\":\"ListItem\",\"position\":1,\"name\":\"Accueil\",\"item\":\"https:\/\/pes-cotedor.fr\/arc-sur-tille\/\"},{\"@type\":\"ListItem\",\"position\":2,\"name\":\"Ost\u00e9opathie\"}]},{\"@type\":\"WebSite\",\"@id\":\"https:\/\/pes-cotedor.fr\/arc-sur-tille\/#website\",\"url\":\"https:\/\/pes-cotedor.fr\/arc-sur-tille\/\",\"name\":\"P\u00f4le Equilibre&amp;Sant\u00e9 d&#039;Arc-sur-Tille\",\"description\":\"\",\"potentialAction\":[{\"@type\":\"SearchAction\",\"target\":{\"@type\":\"EntryPoint\",\"urlTemplate\":\"https:\/\/pes-cotedor.fr\/arc-sur-tille\/?s={search_term_string}\"},\"query-input\":\"required name=search_term_string\"}],\"inLanguage\":\"fr-FR\"}]}<\/script>\n<!-- \/ Yoast SEO plugin. -->","yoast_head_json":{"title":"Ost\u00e9opathie - P\u00f4le Equilibre&Sant\u00e9 de C\u00f4te d'Or","description":"L'ost\u00e9opathie est une th\u00e9rapie manuelle qui s\u2019int\u00e9resse \u00e0 rechercher des d\u00e9s\u00e9quilibres et des restrictions de mobilit\u00e9 pouvant entra\u00eener des troubles fonctionnels.","robots":{"index":"index","follow":"follow","max-snippet":"max-snippet:-1","max-image-preview":"max-image-preview:large","max-video-preview":"max-video-preview:-1"},"canonical":"https:\/\/pes-cotedor.fr\/arc-sur-tille\/osteopathie\/","og_locale":"fr_FR","og_type":"article","og_title":"Ost\u00e9opathie - P\u00f4le Equilibre&Sant\u00e9 de C\u00f4te d'Or","og_description":"L'ost\u00e9opathie est une th\u00e9rapie manuelle qui s\u2019int\u00e9resse \u00e0 rechercher des d\u00e9s\u00e9quilibres et des restrictions de mobilit\u00e9 pouvant entra\u00eener des troubles fonctionnels.","og_url":"https:\/\/pes-cotedor.fr\/arc-sur-tille\/osteopathie\/","og_site_name":"P\u00f4le Equilibre&amp;Sant\u00e9 d&#039;Arc-sur-Tille","article_modified_time":"2022-12-03T18:22:43+00:00","og_image":[{"url":"https:\/\/pes-cotedor.fr\/arc-sur-tille\/wp-content\/uploads\/sites\/2\/2013\/12\/Still.jpg"}],"twitter_card":"summary_large_image","twitter_misc":{"Dur\u00e9e de lecture estim\u00e9e":"3 minutes"},"schema":{"@context":"https:\/\/schema.org","@graph":[{"@type":"WebPage","@id":"https:\/\/pes-cotedor.fr\/arc-sur-tille\/osteopathie\/","url":"https:\/\/pes-cotedor.fr\/arc-sur-tille\/osteopathie\/","name":"Ost\u00e9opathie - P\u00f4le Equilibre&Sant\u00e9 de C\u00f4te d'Or","isPartOf":{"@id":"https:\/\/pes-cotedor.fr\/arc-sur-tille\/#website"},"datePublished":"2013-12-21T00:02:57+00:00","dateModified":"2022-12-03T18:22:43+00:00","description":"L'ost\u00e9opathie est une th\u00e9rapie manuelle qui s\u2019int\u00e9resse \u00e0 rechercher des d\u00e9s\u00e9quilibres et des restrictions de mobilit\u00e9 pouvant entra\u00eener des troubles fonctionnels.","breadcrumb":{"@id":"https:\/\/pes-cotedor.fr\/arc-sur-tille\/osteopathie\/#breadcrumb"},"inLanguage":"fr-FR","potentialAction":[{"@type":"ReadAction","target":["https:\/\/pes-cotedor.fr\/arc-sur-tille\/osteopathie\/"]}]},{"@type":"BreadcrumbList","@id":"https:\/\/pes-cotedor.fr\/arc-sur-tille\/osteopathie\/#breadcrumb","itemListElement":[{"@type":"ListItem","position":1,"name":"Accueil","item":"https:\/\/pes-cotedor.fr\/arc-sur-tille\/"},{"@type":"ListItem","position":2,"name":"Ost\u00e9opathie"}]},{"@type":"WebSite","@id":"https:\/\/pes-cotedor.fr\/arc-sur-tille\/#website","url":"https:\/\/pes-cotedor.fr\/arc-sur-tille\/","name":"P\u00f4le Equilibre&amp;Sant\u00e9 d&#039;Arc-sur-Tille","description":"","potentialAction":[{"@type":"SearchAction","target":{"@type":"EntryPoint","urlTemplate":"https:\/\/pes-cotedor.fr\/arc-sur-tille\/?s={search_term_string}"},"query-input":"required name=search_term_string"}],"inLanguage":"fr-FR"}]}},"_links":{"self":[{"href":"https:\/\/pes-cotedor.fr\/arc-sur-tille\/wp-json\/wp\/v2\/pages\/38"}],"collection":[{"href":"https:\/\/pes-cotedor.fr\/arc-sur-tille\/wp-json\/wp\/v2\/pages"}],"about":[{"href":"https:\/\/pes-cotedor.fr\/arc-sur-tille\/wp-json\/wp\/v2\/types\/page"}],"author":[{"embeddable":true,"href":"https:\/\/pes-cotedor.fr\/arc-sur-tille\/wp-json\/wp\/v2\/users\/1"}],"replies":[{"embeddable":true,"href":"https:\/\/pes-cotedor.fr\/arc-sur-tille\/wp-json\/wp\/v2\/comments?post=38"}],"version-history":[{"count":4,"href":"https:\/\/pes-cotedor.fr\/arc-sur-tille\/wp-json\/wp\/v2\/pages\/38\/revisions"}],"predecessor-version":[{"id":352,"href":"https:\/\/pes-cotedor.fr\/arc-sur-tille\/wp-json\/wp\/v2\/pages\/38\/revisions\/352"}],"wp:attachment":[{"href":"https:\/\/pes-cotedor.fr\/arc-sur-tille\/wp-json\/wp\/v2\/media?parent=38"}],"curies":[{"name":"wp","href":"https:\/\/api.w.org\/{rel}","templated":true}]}}