{"id":53,"date":"2013-12-22T22:06:07","date_gmt":"2013-12-22T21:06:07","guid":{"rendered":"https:\/\/pes-cotedor.fr\/arc-sur-tille\/?page_id=53"},"modified":"2017-06-06T18:17:28","modified_gmt":"2017-06-06T16:17:28","slug":"osteopathie-pour-femmes-enceintes","status":"publish","type":"page","link":"https:\/\/pes-cotedor.fr\/arc-sur-tille\/osteopathie-pour-femmes-enceintes\/","title":{"rendered":"Ost\u00e9opathie pour Femmes Enceintes"},"content":{"rendered":"<div class=\"fusion-fullwidth fullwidth-box fusion-builder-row-1 nonhundred-percent-fullwidth non-hundred-percent-height-scrolling\" style=\"--awb-border-radius-top-left:0px;--awb-border-radius-top-right:0px;--awb-border-radius-bottom-right:0px;--awb-border-radius-bottom-left:0px;\" ><div class=\"fusion-builder-row fusion-row\"><div class=\"fusion-layout-column fusion_builder_column fusion-builder-column-0 fusion_builder_column_1_1 1_1 fusion-one-full fusion-column-first fusion-column-last\" style=\"--awb-bg-size:cover;--awb-margin-top:0px;--awb-margin-bottom:0px;\"><div class=\"fusion-column-wrapper fusion-flex-column-wrapper-legacy\"><div class=\"fusion-title title fusion-title-1 fusion-title-center fusion-title-text fusion-title-size-one\"><div class=\"title-sep-container title-sep-container-left\"><div class=\"title-sep sep-double sep-solid\" style=\"border-color:#e0dede;\"><\/div><\/div><span class=\"awb-title-spacer\"><\/span><h1 class=\"title-heading-center fusion-responsive-typography-calculated\" style=\"margin:0;--fontSize:34;line-height:1.41;\">Ost\u00e9opathie pour Femmes Enceintes<\/h1><span class=\"awb-title-spacer\"><\/span><div class=\"title-sep-container title-sep-container-right\"><div class=\"title-sep sep-double sep-solid\" style=\"border-color:#e0dede;\"><\/div><\/div><\/div><div class=\"fusion-text fusion-text-1\"><p style=\"text-align: justify;\">Au cours de la grossesse, le corps de la femme subit de nombreuses transformations physiologiques (hormonales) et m\u00e9caniques (augmentation de la cambrure lombaire, changement de position du sacrum, augmentation de volume de l\u2019ut\u00e9rus). Ces diff\u00e9rentes transformations peuvent entrainer des troubles fonctionnels ou augmenter l\u2019intensit\u00e9 de troubles d\u00e9j\u00e0 pr\u00e9sents avant la grossesse. Voici quelques exemples de troubles fonctionnels pouvant appara\u00eetre pendant la grossesse\u00a0:<\/p>\n<ul style=\"text-align: justify;\">\n<li><b><i>Troubles m\u00e9caniques\u00a0:<\/i><\/b> lombalgies, sciatalgies, douleur au sacrum et\/ou au coccyx, \u2026<\/li>\n<li><b><i>Troubles digestifs\u00a0:<\/i><\/b> naus\u00e9es, vomissements, difficult\u00e9s\u00a0 \u00e0 la digestion, ballonnements, RGO, constipations, \u2026<\/li>\n<li><b><i>Troubles circulatoires\u00a0:<\/i><\/b> jambes lourdes, h\u00e9morro\u00efdes, maux de t\u00eate, \u2026<\/li>\n<li><b><i>Troubles gyn\u00e9cologiques\u00a0:<\/i><\/b> spasmes, dyspareunies, \u2026<\/li>\n<li><b><i>Troubles du sommeil, fatigue, \u2026<\/i><\/b><\/li>\n<\/ul>\n<p style=\"text-align: justify;\">C\u2019est pour cela qu\u2019il est important de se faire suivre avant (pour bien accueillir le f\u0153tus), pendant (pour un bon d\u00e9veloppement de l\u2019enfant et une m\u00e8re en pleine forme) et apr\u00e8s (pour traiter les s\u00e9quelles de l\u2019accouchement) une grossesse.<\/p>\n<\/div><div class=\"fusion-clearfix\"><\/div><\/div><\/div><\/div><\/div>\n","protected":false},"excerpt":{"rendered":"","protected":false},"author":1,"featured_media":0,"parent":0,"menu_order":0,"comment_status":"open","ping_status":"open","template":"","meta":[],"yoast_head":"<!-- This site is optimized with the Yoast SEO plugin v19.13 - https:\/\/yoast.com\/wordpress\/plugins\/seo\/ -->\n<title>Ost\u00e9opathie pour Femmes Enceintes - P\u00f4le Equilibre&amp;Sant\u00e9 de C\u00f4te d&#039;Or<\/title>\n<meta name=\"description\" content=\"Ost\u00e9opathie pour Femmes Enceintes : Au cours de la grossesse, le corps de la femme subit de nombreuses transformations physiologiques.(hormonales) et m\u00e9caniques.\" \/>\n<meta name=\"robots\" content=\"index, follow, max-snippet:-1, max-image-preview:large, max-video-preview:-1\" \/>\n<link rel=\"canonical\" href=\"https:\/\/pes-cotedor.fr\/arc-sur-tille\/osteopathie-pour-femmes-enceintes\/\" \/>\n<meta property=\"og:locale\" content=\"fr_FR\" \/>\n<meta property=\"og:type\" content=\"article\" \/>\n<meta property=\"og:title\" content=\"Ost\u00e9opathie pour Femmes Enceintes - P\u00f4le Equilibre&amp;Sant\u00e9 de C\u00f4te d&#039;Or\" \/>\n<meta property=\"og:description\" content=\"Ost\u00e9opathie pour Femmes Enceintes : Au cours de la grossesse, le corps de la femme subit de nombreuses transformations physiologiques.(hormonales) et m\u00e9caniques.\" \/>\n<meta property=\"og:url\" content=\"https:\/\/pes-cotedor.fr\/arc-sur-tille\/osteopathie-pour-femmes-enceintes\/\" \/>\n<meta property=\"og:site_name\" content=\"P\u00f4le Equilibre&amp;Sant\u00e9 d&#039;Arc-sur-Tille\" \/>\n<meta property=\"article:modified_time\" content=\"2017-06-06T16:17:28+00:00\" \/>\n<meta name=\"twitter:card\" content=\"summary_large_image\" \/>\n<meta name=\"twitter:label1\" content=\"Dur\u00e9e de lecture estim\u00e9e\" \/>\n\t<meta name=\"twitter:data1\" content=\"2 minutes\" \/>\n<script type=\"application\/ld+json\" class=\"yoast-schema-graph\">{\"@context\":\"https:\/\/schema.org\",\"@graph\":[{\"@type\":\"WebPage\",\"@id\":\"https:\/\/pes-cotedor.fr\/arc-sur-tille\/osteopathie-pour-femmes-enceintes\/\",\"url\":\"https:\/\/pes-cotedor.fr\/arc-sur-tille\/osteopathie-pour-femmes-enceintes\/\",\"name\":\"Ost\u00e9opathie pour Femmes Enceintes - P\u00f4le Equilibre&Sant\u00e9 de C\u00f4te d'Or\",\"isPartOf\":{\"@id\":\"https:\/\/pes-cotedor.fr\/arc-sur-tille\/#website\"},\"datePublished\":\"2013-12-22T21:06:07+00:00\",\"dateModified\":\"2017-06-06T16:17:28+00:00\",\"description\":\"Ost\u00e9opathie pour Femmes Enceintes : Au cours de la grossesse, le corps de la femme subit de nombreuses transformations physiologiques.(hormonales) et m\u00e9caniques.\",\"breadcrumb\":{\"@id\":\"https:\/\/pes-cotedor.fr\/arc-sur-tille\/osteopathie-pour-femmes-enceintes\/#breadcrumb\"},\"inLanguage\":\"fr-FR\",\"potentialAction\":[{\"@type\":\"ReadAction\",\"target\":[\"https:\/\/pes-cotedor.fr\/arc-sur-tille\/osteopathie-pour-femmes-enceintes\/\"]}]},{\"@type\":\"BreadcrumbList\",\"@id\":\"https:\/\/pes-cotedor.fr\/arc-sur-tille\/osteopathie-pour-femmes-enceintes\/#breadcrumb\",\"itemListElement\":[{\"@type\":\"ListItem\",\"position\":1,\"name\":\"Accueil\",\"item\":\"https:\/\/pes-cotedor.fr\/arc-sur-tille\/\"},{\"@type\":\"ListItem\",\"position\":2,\"name\":\"Ost\u00e9opathie pour Femmes Enceintes\"}]},{\"@type\":\"WebSite\",\"@id\":\"https:\/\/pes-cotedor.fr\/arc-sur-tille\/#website\",\"url\":\"https:\/\/pes-cotedor.fr\/arc-sur-tille\/\",\"name\":\"P\u00f4le Equilibre&amp;Sant\u00e9 d&#039;Arc-sur-Tille\",\"description\":\"\",\"potentialAction\":[{\"@type\":\"SearchAction\",\"target\":{\"@type\":\"EntryPoint\",\"urlTemplate\":\"https:\/\/pes-cotedor.fr\/arc-sur-tille\/?s={search_term_string}\"},\"query-input\":\"required name=search_term_string\"}],\"inLanguage\":\"fr-FR\"}]}<\/script>\n<!-- \/ Yoast SEO plugin. -->","yoast_head_json":{"title":"Ost\u00e9opathie pour Femmes Enceintes - P\u00f4le Equilibre&Sant\u00e9 de C\u00f4te d'Or","description":"Ost\u00e9opathie pour Femmes Enceintes : Au cours de la grossesse, le corps de la femme subit de nombreuses transformations physiologiques.(hormonales) et m\u00e9caniques.","robots":{"index":"index","follow":"follow","max-snippet":"max-snippet:-1","max-image-preview":"max-image-preview:large","max-video-preview":"max-video-preview:-1"},"canonical":"https:\/\/pes-cotedor.fr\/arc-sur-tille\/osteopathie-pour-femmes-enceintes\/","og_locale":"fr_FR","og_type":"article","og_title":"Ost\u00e9opathie pour Femmes Enceintes - P\u00f4le Equilibre&Sant\u00e9 de C\u00f4te d'Or","og_description":"Ost\u00e9opathie pour Femmes Enceintes : Au cours de la grossesse, le corps de la femme subit de nombreuses transformations physiologiques.(hormonales) et m\u00e9caniques.","og_url":"https:\/\/pes-cotedor.fr\/arc-sur-tille\/osteopathie-pour-femmes-enceintes\/","og_site_name":"P\u00f4le Equilibre&amp;Sant\u00e9 d&#039;Arc-sur-Tille","article_modified_time":"2017-06-06T16:17:28+00:00","twitter_card":"summary_large_image","twitter_misc":{"Dur\u00e9e de lecture estim\u00e9e":"2 minutes"},"schema":{"@context":"https:\/\/schema.org","@graph":[{"@type":"WebPage","@id":"https:\/\/pes-cotedor.fr\/arc-sur-tille\/osteopathie-pour-femmes-enceintes\/","url":"https:\/\/pes-cotedor.fr\/arc-sur-tille\/osteopathie-pour-femmes-enceintes\/","name":"Ost\u00e9opathie pour Femmes Enceintes - P\u00f4le Equilibre&Sant\u00e9 de C\u00f4te d'Or","isPartOf":{"@id":"https:\/\/pes-cotedor.fr\/arc-sur-tille\/#website"},"datePublished":"2013-12-22T21:06:07+00:00","dateModified":"2017-06-06T16:17:28+00:00","description":"Ost\u00e9opathie pour Femmes Enceintes : Au cours de la grossesse, le corps de la femme subit de nombreuses transformations physiologiques.(hormonales) et m\u00e9caniques.","breadcrumb":{"@id":"https:\/\/pes-cotedor.fr\/arc-sur-tille\/osteopathie-pour-femmes-enceintes\/#breadcrumb"},"inLanguage":"fr-FR","potentialAction":[{"@type":"ReadAction","target":["https:\/\/pes-cotedor.fr\/arc-sur-tille\/osteopathie-pour-femmes-enceintes\/"]}]},{"@type":"BreadcrumbList","@id":"https:\/\/pes-cotedor.fr\/arc-sur-tille\/osteopathie-pour-femmes-enceintes\/#breadcrumb","itemListElement":[{"@type":"ListItem","position":1,"name":"Accueil","item":"https:\/\/pes-cotedor.fr\/arc-sur-tille\/"},{"@type":"ListItem","position":2,"name":"Ost\u00e9opathie pour Femmes Enceintes"}]},{"@type":"WebSite","@id":"https:\/\/pes-cotedor.fr\/arc-sur-tille\/#website","url":"https:\/\/pes-cotedor.fr\/arc-sur-tille\/","name":"P\u00f4le Equilibre&amp;Sant\u00e9 d&#039;Arc-sur-Tille","description":"","potentialAction":[{"@type":"SearchAction","target":{"@type":"EntryPoint","urlTemplate":"https:\/\/pes-cotedor.fr\/arc-sur-tille\/?s={search_term_string}"},"query-input":"required name=search_term_string"}],"inLanguage":"fr-FR"}]}},"_links":{"self":[{"href":"https:\/\/pes-cotedor.fr\/arc-sur-tille\/wp-json\/wp\/v2\/pages\/53"}],"collection":[{"href":"https:\/\/pes-cotedor.fr\/arc-sur-tille\/wp-json\/wp\/v2\/pages"}],"about":[{"href":"https:\/\/pes-cotedor.fr\/arc-sur-tille\/wp-json\/wp\/v2\/types\/page"}],"author":[{"embeddable":true,"href":"https:\/\/pes-cotedor.fr\/arc-sur-tille\/wp-json\/wp\/v2\/users\/1"}],"replies":[{"embeddable":true,"href":"https:\/\/pes-cotedor.fr\/arc-sur-tille\/wp-json\/wp\/v2\/comments?post=53"}],"version-history":[{"count":1,"href":"https:\/\/pes-cotedor.fr\/arc-sur-tille\/wp-json\/wp\/v2\/pages\/53\/revisions"}],"predecessor-version":[{"id":268,"href":"https:\/\/pes-cotedor.fr\/arc-sur-tille\/wp-json\/wp\/v2\/pages\/53\/revisions\/268"}],"wp:attachment":[{"href":"https:\/\/pes-cotedor.fr\/arc-sur-tille\/wp-json\/wp\/v2\/media?parent=53"}],"curies":[{"name":"wp","href":"https:\/\/api.w.org\/{rel}","templated":true}]}}