{"id":55,"date":"2013-12-22T22:06:37","date_gmt":"2013-12-22T21:06:37","guid":{"rendered":"https:\/\/pes-cotedor.fr\/arc-sur-tille\/?page_id=55"},"modified":"2022-12-03T19:30:35","modified_gmt":"2022-12-03T18:30:35","slug":"osteopathie-pour-nourrissons","status":"publish","type":"page","link":"https:\/\/pes-cotedor.fr\/arc-sur-tille\/osteopathie-pour-nourrissons\/","title":{"rendered":"Ost\u00e9opathie pour Nourrissons"},"content":{"rendered":"<div class=\"fusion-fullwidth fullwidth-box fusion-builder-row-1 nonhundred-percent-fullwidth non-hundred-percent-height-scrolling\" style=\"--awb-border-radius-top-left:0px;--awb-border-radius-top-right:0px;--awb-border-radius-bottom-right:0px;--awb-border-radius-bottom-left:0px;\" ><div class=\"fusion-builder-row fusion-row\"><div class=\"fusion-layout-column fusion_builder_column fusion-builder-column-0 fusion_builder_column_1_1 1_1 fusion-one-full fusion-column-first fusion-column-last\" style=\"--awb-bg-size:cover;--awb-margin-top:0px;--awb-margin-bottom:0px;\"><div class=\"fusion-column-wrapper fusion-flex-column-wrapper-legacy\"><div class=\"fusion-title title fusion-title-1 fusion-title-center fusion-title-text fusion-title-size-one\"><div class=\"title-sep-container title-sep-container-left\"><div class=\"title-sep sep-double sep-solid\" style=\"border-color:#e0dede;\"><\/div><\/div><span class=\"awb-title-spacer\"><\/span><h1 class=\"title-heading-center fusion-responsive-typography-calculated\" style=\"margin:0;--fontSize:34;line-height:1.41;\">Ost\u00e9opathie pour Nourrissons<\/h1><span class=\"awb-title-spacer\"><\/span><div class=\"title-sep-container title-sep-container-right\"><div class=\"title-sep sep-double sep-solid\" style=\"border-color:#e0dede;\"><\/div><\/div><\/div><div class=\"fusion-text fusion-text-1\"><p style=\"font-weight: 400; text-align: justify;\">La grossesse et l\u2019accouchement sont des moments uniques aussi bien pour la maman que pour le nourrisson.<\/p>\n<p style=\"font-weight: 400; text-align: justify;\">Lors de la grossesse, le f\u0153tus doit se d\u00e9velopper dans le ventre de la maman et subit donc les contraintes internes qui peuvent cr\u00e9er des tensions intra-ut\u00e9rines.<\/p>\n<p style=\"font-weight: 400; text-align: justify;\">L\u2019accouchement est le premier traumatisme de la vie. Lors de cet \u00e9v\u00e8nement, le corps de l\u2019enfant subit de nombreuses pressions dues aux contractions et au passage dans le bassin, notamment au niveau du cr\u00e2ne (dont les os se chevauchent au niveau du d\u00e9troit inf\u00e9rieur du bassin). De plus, l\u2019utilisation d\u2019outils tels que les forceps ou la ventouse entraine une compression suppl\u00e9mentaire sur le cr\u00e2ne du nourrisson.<\/p>\n<p style=\"font-weight: 400; text-align: justify;\">L\u2019ensemble de ces contraintes entra\u00eenent des tensions cr\u00e2niennes, souvent invisibles (80\u2009% des nouveau-n\u00e9s) ainsi qu\u2019au niveau du reste du corps. Ceci pouvant provoquer de nombreux troubles fonctionnels, apr\u00e8s la naissance, tels que\u00a0:<\/p>\n<ul style=\"font-weight: 400; text-align: justify;\">\n<li><strong>Troubles digestifs\u00a0:<\/strong>\u00a0coliques, r\u00e9gurgitations, vomissements, \u2026<\/li>\n<li><strong>Asym\u00e9trie de la t\u00eate\u00a0:<\/strong>\u00a0t\u00eate plate ou plagioc\u00e9phalie, front plat ou bomb\u00e9, \u2026<\/li>\n<li><strong>Tensions musculaires\u00a0:<\/strong>\u00a0torticolis, difficult\u00e9s \u00e0 tourner la t\u00eate d\u2019un c\u00f4t\u00e9 ou de l\u2019autre, \u2026<\/li>\n<li><strong>Troubles ORL \u00e0 r\u00e9p\u00e9tition\u00a0<\/strong>: bronchite, rhinite, otite, trouble de la succion\u2026<\/li>\n<li><strong>Autres signes\u00a0:<\/strong>\u00a0agitation, trouble du sommeil, pleurs, \u2026<\/li>\n<\/ul>\n<p style=\"font-weight: 400; text-align: justify;\">Les b\u00e9b\u00e9s, \u00e9tant n\u00e9s par c\u00e9sarienne, peuvent \u00e9galement \u00eatre sujets \u00e0 ces troubles \u00e0 cause des contraintes de la vie ut\u00e9rine.<\/p>\n<p style=\"font-weight: 400; text-align: justify;\">C\u2019est pour ces raisons qu\u2019il est n\u00e9cessaire, apr\u00e8s la naissance (dans les 3 premi\u00e8res semaines, id\u00e9alement entre 10j et 30j de vie), de faire une visite de contr\u00f4le chez l\u2019ost\u00e9opathe pour que votre enfant puisse \u00e9voluer et grandir dans les meilleures conditions. Cependant, il n\u2019est pas n\u00e9cessaire de se pr\u00e9cipiter. Ce qui pourra vous faire anticiper l\u00e9g\u00e8rement cette 1\u02b3\u1d49<sup>\u00a0<\/sup>consultation ost\u00e9opathique est l\u2019\u00e9tat\/comportement de votre b\u00e9b\u00e9 et non pas la difficult\u00e9 de l\u2019accouchement. En effet, parfois, suite \u00e0 un accouchement dit \u00ab\u00a0compliqu\u00e9\u00a0\u00bb, votre b\u00e9b\u00e9 va bien aller. \u00c0 l\u2019inverse, lors d\u2019un accouchement dit \u00ab\u00a0facile\/rapide\u00a0\u00bb, votre b\u00e9b\u00e9 peut souffrir de diff\u00e9rents petits probl\u00e8mes (par exemple : RGO, agitations\/probl\u00e8mes de sommeil, difficult\u00e9s de succion, coliques, \u2026). Et r\u00e9ciproquement.<\/p>\n<p style=\"font-weight: 400; text-align: justify;\"><strong><em>Attention, une prise en charge ost\u00e9opathique ne remplace en aucun cas un suivi m\u00e9dical p\u00e9diatrique ou par tout autre sp\u00e9cialiste dont il aurait besoin.<\/em><\/strong><\/p>\n<p style=\"font-weight: 400; text-align: justify;\">Les techniques utilis\u00e9es sur les nourrissons sont, bien entendu, douces et adapt\u00e9es \u00e0 l\u2019\u00e2ge et au d\u00e9veloppement.<\/p>\n<p style=\"font-weight: 400; text-align: justify;\">Pensez \u00e0 amener le carnet de sant\u00e9 et doudou, t\u00e9tine, \u2026 pour le confort de votre enfant.<\/p>\n<p style=\"font-weight: 400; text-align: justify;\"><em>N.B.\u00a0: Selon la l\u00e9gislation en vigueur, pour le nourrisson de moins de 6 mois, il est n\u00e9cessaire de pr\u00e9senter \u00e0 votre ost\u00e9opathe un certificat m\u00e9dical attestant l\u2019absence de contre-indication m\u00e9dicale \u00e0 l\u2019ost\u00e9opathie.<\/em><\/p>\n<p style=\"font-weight: 400; text-align: justify;\"><u>\u00a0<\/u><\/p>\n<\/div><div class=\"fusion-clearfix\"><\/div><\/div><\/div><\/div><\/div>\n","protected":false},"excerpt":{"rendered":"","protected":false},"author":1,"featured_media":0,"parent":0,"menu_order":0,"comment_status":"open","ping_status":"open","template":"","meta":[],"yoast_head":"<!-- This site is optimized with the Yoast SEO plugin v19.13 - https:\/\/yoast.com\/wordpress\/plugins\/seo\/ -->\n<title>Ost\u00e9opathie pour Nourrissons - P\u00f4le Equilibre&amp;Sant\u00e9 de C\u00f4te d&#039;Or<\/title>\n<meta name=\"description\" content=\"Ost\u00e9opathie pour Nourrissons : L\u2019accouchement est le premier traumatisme de la vie. Lors ce cet \u00e9v\u00e8nement, le cr\u00e2ne de l\u2019enfant est soumis \u00e0 de nombreuses contraintes.\" \/>\n<meta name=\"robots\" content=\"index, follow, max-snippet:-1, max-image-preview:large, max-video-preview:-1\" \/>\n<link rel=\"canonical\" href=\"https:\/\/pes-cotedor.fr\/arc-sur-tille\/osteopathie-pour-nourrissons\/\" \/>\n<meta property=\"og:locale\" content=\"fr_FR\" \/>\n<meta property=\"og:type\" content=\"article\" \/>\n<meta property=\"og:title\" content=\"Ost\u00e9opathie pour Nourrissons - P\u00f4le Equilibre&amp;Sant\u00e9 de C\u00f4te d&#039;Or\" \/>\n<meta property=\"og:description\" content=\"Ost\u00e9opathie pour Nourrissons : L\u2019accouchement est le premier traumatisme de la vie. Lors ce cet \u00e9v\u00e8nement, le cr\u00e2ne de l\u2019enfant est soumis \u00e0 de nombreuses contraintes.\" \/>\n<meta property=\"og:url\" content=\"https:\/\/pes-cotedor.fr\/arc-sur-tille\/osteopathie-pour-nourrissons\/\" \/>\n<meta property=\"og:site_name\" content=\"P\u00f4le Equilibre&amp;Sant\u00e9 d&#039;Arc-sur-Tille\" \/>\n<meta property=\"article:modified_time\" content=\"2022-12-03T18:30:35+00:00\" \/>\n<meta name=\"twitter:card\" content=\"summary_large_image\" \/>\n<meta name=\"twitter:label1\" content=\"Dur\u00e9e de lecture estim\u00e9e\" \/>\n\t<meta name=\"twitter:data1\" content=\"2 minutes\" \/>\n<script type=\"application\/ld+json\" class=\"yoast-schema-graph\">{\"@context\":\"https:\/\/schema.org\",\"@graph\":[{\"@type\":\"WebPage\",\"@id\":\"https:\/\/pes-cotedor.fr\/arc-sur-tille\/osteopathie-pour-nourrissons\/\",\"url\":\"https:\/\/pes-cotedor.fr\/arc-sur-tille\/osteopathie-pour-nourrissons\/\",\"name\":\"Ost\u00e9opathie pour Nourrissons - P\u00f4le Equilibre&Sant\u00e9 de C\u00f4te d'Or\",\"isPartOf\":{\"@id\":\"https:\/\/pes-cotedor.fr\/arc-sur-tille\/#website\"},\"datePublished\":\"2013-12-22T21:06:37+00:00\",\"dateModified\":\"2022-12-03T18:30:35+00:00\",\"description\":\"Ost\u00e9opathie pour Nourrissons : L\u2019accouchement est le premier traumatisme de la vie. Lors ce cet \u00e9v\u00e8nement, le cr\u00e2ne de l\u2019enfant est soumis \u00e0 de nombreuses contraintes.\",\"breadcrumb\":{\"@id\":\"https:\/\/pes-cotedor.fr\/arc-sur-tille\/osteopathie-pour-nourrissons\/#breadcrumb\"},\"inLanguage\":\"fr-FR\",\"potentialAction\":[{\"@type\":\"ReadAction\",\"target\":[\"https:\/\/pes-cotedor.fr\/arc-sur-tille\/osteopathie-pour-nourrissons\/\"]}]},{\"@type\":\"BreadcrumbList\",\"@id\":\"https:\/\/pes-cotedor.fr\/arc-sur-tille\/osteopathie-pour-nourrissons\/#breadcrumb\",\"itemListElement\":[{\"@type\":\"ListItem\",\"position\":1,\"name\":\"Accueil\",\"item\":\"https:\/\/pes-cotedor.fr\/arc-sur-tille\/\"},{\"@type\":\"ListItem\",\"position\":2,\"name\":\"Ost\u00e9opathie pour Nourrissons\"}]},{\"@type\":\"WebSite\",\"@id\":\"https:\/\/pes-cotedor.fr\/arc-sur-tille\/#website\",\"url\":\"https:\/\/pes-cotedor.fr\/arc-sur-tille\/\",\"name\":\"P\u00f4le Equilibre&amp;Sant\u00e9 d&#039;Arc-sur-Tille\",\"description\":\"\",\"potentialAction\":[{\"@type\":\"SearchAction\",\"target\":{\"@type\":\"EntryPoint\",\"urlTemplate\":\"https:\/\/pes-cotedor.fr\/arc-sur-tille\/?s={search_term_string}\"},\"query-input\":\"required name=search_term_string\"}],\"inLanguage\":\"fr-FR\"}]}<\/script>\n<!-- \/ Yoast SEO plugin. -->","yoast_head_json":{"title":"Ost\u00e9opathie pour Nourrissons - P\u00f4le Equilibre&Sant\u00e9 de C\u00f4te d'Or","description":"Ost\u00e9opathie pour Nourrissons : L\u2019accouchement est le premier traumatisme de la vie. Lors ce cet \u00e9v\u00e8nement, le cr\u00e2ne de l\u2019enfant est soumis \u00e0 de nombreuses contraintes.","robots":{"index":"index","follow":"follow","max-snippet":"max-snippet:-1","max-image-preview":"max-image-preview:large","max-video-preview":"max-video-preview:-1"},"canonical":"https:\/\/pes-cotedor.fr\/arc-sur-tille\/osteopathie-pour-nourrissons\/","og_locale":"fr_FR","og_type":"article","og_title":"Ost\u00e9opathie pour Nourrissons - P\u00f4le Equilibre&Sant\u00e9 de C\u00f4te d'Or","og_description":"Ost\u00e9opathie pour Nourrissons : L\u2019accouchement est le premier traumatisme de la vie. Lors ce cet \u00e9v\u00e8nement, le cr\u00e2ne de l\u2019enfant est soumis \u00e0 de nombreuses contraintes.","og_url":"https:\/\/pes-cotedor.fr\/arc-sur-tille\/osteopathie-pour-nourrissons\/","og_site_name":"P\u00f4le Equilibre&amp;Sant\u00e9 d&#039;Arc-sur-Tille","article_modified_time":"2022-12-03T18:30:35+00:00","twitter_card":"summary_large_image","twitter_misc":{"Dur\u00e9e de lecture estim\u00e9e":"2 minutes"},"schema":{"@context":"https:\/\/schema.org","@graph":[{"@type":"WebPage","@id":"https:\/\/pes-cotedor.fr\/arc-sur-tille\/osteopathie-pour-nourrissons\/","url":"https:\/\/pes-cotedor.fr\/arc-sur-tille\/osteopathie-pour-nourrissons\/","name":"Ost\u00e9opathie pour Nourrissons - P\u00f4le Equilibre&Sant\u00e9 de C\u00f4te d'Or","isPartOf":{"@id":"https:\/\/pes-cotedor.fr\/arc-sur-tille\/#website"},"datePublished":"2013-12-22T21:06:37+00:00","dateModified":"2022-12-03T18:30:35+00:00","description":"Ost\u00e9opathie pour Nourrissons : L\u2019accouchement est le premier traumatisme de la vie. Lors ce cet \u00e9v\u00e8nement, le cr\u00e2ne de l\u2019enfant est soumis \u00e0 de nombreuses contraintes.","breadcrumb":{"@id":"https:\/\/pes-cotedor.fr\/arc-sur-tille\/osteopathie-pour-nourrissons\/#breadcrumb"},"inLanguage":"fr-FR","potentialAction":[{"@type":"ReadAction","target":["https:\/\/pes-cotedor.fr\/arc-sur-tille\/osteopathie-pour-nourrissons\/"]}]},{"@type":"BreadcrumbList","@id":"https:\/\/pes-cotedor.fr\/arc-sur-tille\/osteopathie-pour-nourrissons\/#breadcrumb","itemListElement":[{"@type":"ListItem","position":1,"name":"Accueil","item":"https:\/\/pes-cotedor.fr\/arc-sur-tille\/"},{"@type":"ListItem","position":2,"name":"Ost\u00e9opathie pour Nourrissons"}]},{"@type":"WebSite","@id":"https:\/\/pes-cotedor.fr\/arc-sur-tille\/#website","url":"https:\/\/pes-cotedor.fr\/arc-sur-tille\/","name":"P\u00f4le Equilibre&amp;Sant\u00e9 d&#039;Arc-sur-Tille","description":"","potentialAction":[{"@type":"SearchAction","target":{"@type":"EntryPoint","urlTemplate":"https:\/\/pes-cotedor.fr\/arc-sur-tille\/?s={search_term_string}"},"query-input":"required name=search_term_string"}],"inLanguage":"fr-FR"}]}},"_links":{"self":[{"href":"https:\/\/pes-cotedor.fr\/arc-sur-tille\/wp-json\/wp\/v2\/pages\/55"}],"collection":[{"href":"https:\/\/pes-cotedor.fr\/arc-sur-tille\/wp-json\/wp\/v2\/pages"}],"about":[{"href":"https:\/\/pes-cotedor.fr\/arc-sur-tille\/wp-json\/wp\/v2\/types\/page"}],"author":[{"embeddable":true,"href":"https:\/\/pes-cotedor.fr\/arc-sur-tille\/wp-json\/wp\/v2\/users\/1"}],"replies":[{"embeddable":true,"href":"https:\/\/pes-cotedor.fr\/arc-sur-tille\/wp-json\/wp\/v2\/comments?post=55"}],"version-history":[{"count":4,"href":"https:\/\/pes-cotedor.fr\/arc-sur-tille\/wp-json\/wp\/v2\/pages\/55\/revisions"}],"predecessor-version":[{"id":355,"href":"https:\/\/pes-cotedor.fr\/arc-sur-tille\/wp-json\/wp\/v2\/pages\/55\/revisions\/355"}],"wp:attachment":[{"href":"https:\/\/pes-cotedor.fr\/arc-sur-tille\/wp-json\/wp\/v2\/media?parent=55"}],"curies":[{"name":"wp","href":"https:\/\/api.w.org\/{rel}","templated":true}]}}